{"id":791,"date":"2011-08-11T22:50:44","date_gmt":"2011-08-11T20:50:44","guid":{"rendered":"http:\/\/ascea.dsign-web.com\/?page_id=791"},"modified":"2021-10-21T10:17:59","modified_gmt":"2021-10-21T08:17:59","slug":"sinscrire","status":"publish","type":"page","link":"http:\/\/www.ascea-saclay-plongee.com\/?page_id=791","title":{"rendered":"S&rsquo;inscrire \u00e0 la section"},"content":{"rendered":"<div align=\"center\"><strong> Montant Inscription<\/strong><\/div>\n<div>\n<p><strong><span style=\"color: #3366ff;\">Carte ASCEA :<\/span><\/strong><\/p>\n<ul>\n<li>Adulte ou ayant droit: 22 \u20ac<\/li>\n<li>Ext\u00e9rieur ou affili\u00e9s: 28 \u20ac<\/li>\n<li>Enfant CEA moins de 18 ans: 11 \u20ac<\/li>\n<li>Enfant CEA ext\u00e9rieur: 14 \u20ac<\/li>\n<\/ul>\n<p><strong style=\"font-family: 'Open Sans', sans-serif; font-size: 14px; font-style: normal;\">Licence passager :<\/strong><\/p>\n<ul>\n<li>Adulte: 39,70 \u20ac<\/li>\n<li>Jeune (14-16 ans): 25,10 \u20ac<\/li>\n<\/ul>\n<p>&nbsp;<\/p>\n<div style=\"text-align: left;\" align=\"center\"><strong><span style=\"color: #3366ff;\">COTISATION (Licence FFESSM incluse) :<\/span><\/strong><\/div>\n<p><strong>Agents CEA ou ayant droit<\/strong><\/p>\n<ul>\n<li>Adulte: <strong>160<\/strong> \u20ac<\/li>\n<li>Jeune (14-16 ans): <strong>140<\/strong> \u20ac<\/li>\n<\/ul>\n<p><strong>Ext\u00e9rieurs<\/strong><\/p>\n<ul>\n<li>Adulte: <strong>340<\/strong> \u20ac<\/li>\n<li>Jeune (14-16 ans): <strong>321<\/strong> \u20ac<\/li>\n<\/ul>\n<p>2\u00e8me inscrit m\u00eame famille: r\u00e9duction de 10 \u20ac.<\/p>\n<p>&nbsp;<\/p>\n<\/div>\n<ul>\n<li>Ch\u00e8que \u00e0 \u00e9tablir \u00e0 l&rsquo;ordre de <strong>ASCEA SACLAY<\/strong> pour la carte ASCEA<\/li>\n<li>Ch\u00e8que \u00e0 \u00e9tablir \u00e0 l&rsquo;ordre de <strong>ASCEA SACLAY Plong\u00e9e<\/strong> pour la cotisation &#8211; paiement par virement possible<\/li>\n<li>un <a href=\"http:\/\/www.ascea-saclay-plongee.com\/wp-content\/uploads\/2018\/10\/CACI_V_05_2018.pdf\">certificat m\u00e9dical<\/a><\/li>\n<li>les photocopies de vos brevets pour les non d\u00e9butants<\/li>\n<li>un ch\u00e8que de caution d&rsquo;un montant de 200 \u20ac pour <strong>le pr\u00eat de mat\u00e9riel<\/strong>.<\/li>\n<\/ul>\n<p><span style=\"text-decoration: underline;\"><strong>Certificat M\u00e9dical<\/strong><\/span><\/p>\n<p>Un certificat m\u00e9dical de \u00ab\u00a0non contre\u2010indication \u00e0 la pratique de la plong\u00e9e sous\u2010marine en bouteilles \u00a0\u00bb est exig\u00e9 pour \u00eatre autoris\u00e9 \u00e0 pratiquer la plong\u00e9e (et \u00e9videmment \u00e9galement pour la piscine).<br \/>\nA partir de la rentr\u00e9e prochaine, la section conseille le <a href=\"http:\/\/www.ascea-saclay-plongee.com\/wp-content\/uploads\/2018\/10\/CACI_V_05_2018.pdf\" target=\"_blank\" rel=\"noopener noreferrer\">mod\u00e8le suivant<\/a> que vous pouvez t\u00e9l\u00e9charger et emmener chez votre m\u00e9decin. Ce certificat m\u00e9dical est valable pour une ann\u00e9e.<br \/>\nIl doit \u00eatre \u00e9tabli par:<br \/>\n\u2010 un m\u00e9decin f\u00e9d\u00e9ral ou titulaire d\u2019un C.E.S. \u00a0\u00bb m\u00e9decine du sport \u00a0\u00bb pour tout passage de brevet \u00e0 partir du niveau 2, pour les encadrants et pour tous les enfants.<br \/>\n\u2010 par un m\u00e9decin g\u00e9n\u00e9raliste dans les autres cas.<br \/>\n<span style=\"color: #ff0000;\">Il n\u2019est pas demand\u00e9 pour un bapt\u00eame.<\/span><\/p>\n<p><span style=\"font-family: Comic Sans MS;\"><span style=\"font-family: Comic Sans MS;\"> <span style=\"font-family: Comic Sans MS;\"> Pour les inscriptions des ext\u00e9rieurs, prenez contact avec l&rsquo;association : <a href=\"http:\/\/www.ascea-saclay-plongee.com\/?page_id=765\">http:\/\/www.ascea-saclay-plongee.com\/?page_id=765<\/a> <\/span><\/span><\/span><\/p>\n<table width=\"417\" align=\"center\">\n<tbody>\n<tr>\n<td><span style=\"font-family: Comic Sans MS;\"><span style=\"font-family: Comic Sans MS;\"><br \/>\n<span style=\"text-decoration: underline;\">ATTENTION<\/span>: &#8211; l&rsquo;inscription des enfants ne pourra se faire qu&rsquo;\u00e0 partir de l&rsquo;\u00e2ge l\u00e9gal pour passer le niveau 1 (14 ans ou 12 ans avec d\u00e9rogation) uniquement si un des parents est aussi inscrit \u00e0 la section et pr\u00e9sent \u00e0 la piscine &#8211; pour les sorties en mer, il faudra obligatoirement la pr\u00e9sence d&rsquo;un de ses parents.<\/span><\/span><\/td>\n<\/tr>\n<\/tbody>\n<\/table>\n<p>&nbsp;<\/p>\n","protected":false},"excerpt":{"rendered":"<p>Montant Inscription Carte ASCEA : Adulte ou ayant droit: 22 \u20ac Ext\u00e9rieur ou affili\u00e9s: 28 \u20ac Enfant CEA moins de 18 ans: 11 \u20ac Enfant CEA ext\u00e9rieur: 14 \u20ac Licence passager : Adulte: 39,70 \u20ac Jeune (14-16 ans): 25,10 \u20ac &nbsp; COTISATION (Licence FFESSM incluse) : Agents CEA ou ayant droit Adulte: 160 \u20ac Jeune <a class=\"read-more\" href=\"http:\/\/www.ascea-saclay-plongee.com\/?page_id=791\">READ MORE<\/a><\/p>\n","protected":false},"author":1,"featured_media":0,"parent":286,"menu_order":0,"comment_status":"closed","ping_status":"closed","template":"","meta":{"footnotes":""},"class_list":["post-791","page","type-page","status-publish","hentry"],"_links":{"self":[{"href":"http:\/\/www.ascea-saclay-plongee.com\/index.php?rest_route=\/wp\/v2\/pages\/791","targetHints":{"allow":["GET"]}}],"collection":[{"href":"http:\/\/www.ascea-saclay-plongee.com\/index.php?rest_route=\/wp\/v2\/pages"}],"about":[{"href":"http:\/\/www.ascea-saclay-plongee.com\/index.php?rest_route=\/wp\/v2\/types\/page"}],"author":[{"embeddable":true,"href":"http:\/\/www.ascea-saclay-plongee.com\/index.php?rest_route=\/wp\/v2\/users\/1"}],"replies":[{"embeddable":true,"href":"http:\/\/www.ascea-saclay-plongee.com\/index.php?rest_route=%2Fwp%2Fv2%2Fcomments&post=791"}],"version-history":[{"count":40,"href":"http:\/\/www.ascea-saclay-plongee.com\/index.php?rest_route=\/wp\/v2\/pages\/791\/revisions"}],"predecessor-version":[{"id":3539,"href":"http:\/\/www.ascea-saclay-plongee.com\/index.php?rest_route=\/wp\/v2\/pages\/791\/revisions\/3539"}],"up":[{"embeddable":true,"href":"http:\/\/www.ascea-saclay-plongee.com\/index.php?rest_route=\/wp\/v2\/pages\/286"}],"wp:attachment":[{"href":"http:\/\/www.ascea-saclay-plongee.com\/index.php?rest_route=%2Fwp%2Fv2%2Fmedia&parent=791"}],"curies":[{"name":"wp","href":"https:\/\/api.w.org\/{rel}","templated":true}]}}